 24/(-14). Suppose -k - 4*w - 114 = -u*k, -k + 116 = -5*w. Let y = -39 + k. Is y a composite number?
False
Let i(m) = 2*m**3 - 8*m**2 + 5*m + 5. Let q be i(3). Is 13127 + 25 - 2/q a prime number?
True
Let h be 112/6 - (-1 + 5/3). Let z(g) = -g**3 + 21*g**2 - 22*g - 25. Is z(h) a composite number?
True
Suppose 2*t + 3*m = -28, -t - 2*t + 2*m = 29. Let k(h) be the second derivative of -h**3/2 + 13*h**2 - 3*h + 45. Is k(t) a composite number?
False
Let q be 61911/1*(-28)/(-42). Suppose -4*s + b + q = 0, -4*b - 46707 + 5439 = -4*s. Is s a composite number?
True
Let b(u) = u**3 - 17*u**2 - 50*u + 23. Let q be b(21). Suppose -4*a + o + 13489 = -q, 0 = a - 4*o - 3549. Is a composite?
False
Suppose -h + 30132 + 12004 = -4*u, 2*u + 5*h + 21046 = 0. Let i = u + 15170. Is i a prime number?
True
Let v(x) be the third derivative of -x**5/60 + 5*x**4/24 + 29*x**2. Let i be v(6). Is ((-7186)/4)/(i/12) prime?
True
Let p(h) = -3*h**2 - 77*h + 22. Let t be p(-26). Is ((-26327)/84)/(1/t)*3 composite?
False
Let o(g) = 3*g - 11. Let h be o(-6). Suppose 4*r - 119 = 81. Let a = r + h. Is a prime?
False
Let q = -838 + 1697. Is q prime?
True
Let o(w) = 2*w**2 - 5*w - 42. Let t be o(-5). Suppose -j - t + 578 = 0. Is j a prime number?
False
Suppose 1048010 + 159108 + 538540 = 18*y. Is y a prime number?
False
Let f = -835 - 1274. Let o = f + 4612. Is o prime?
True
Let t(v) be the third derivative of v**5/10 + v**4/24 - v**3/3 + 19*v**2. Let w be t(2). Is 3472/w + (-1)/(-3) a prime number?
False
Let r(h) = 376*h**2 - 354*h + 187. Is r(-24) prime?
False
Let u(f) = 5*f**2 - 52*f - 66. Let c(z) = -3*z**2 + 35*z + 44. Let w(t) = 8*c(t) + 5*u(t). Let d be w(-19). Suppose -7*s + d*s + 232 = 0. Is s prime?
False
Let b be 1/1*(5 - 6). Let a be b/2 - 366/(-12). Suppose -n - 3*r = -a, -3*r - 56 - 4 = -5*n. Is n composite?
True
Is ((-49190)/45)/((-58)/4437) a prime number?
False
Suppose 0*n + 2*n + 3*w + 3466 = 0, 0 = -5*w. Let v = 351 + n. Let i = -309 - v. Is i prime?
False
Let y = -299183 - -746034. Is y composite?
True
Let j = 148 - 145. Suppose -12 = -4*s, -5280 = -j*d - 0*d - 3*s. Is d composite?
True
Let v(b) = -b**3 + 7*b**2 + 14*b - 76. Let i be v(5). Is ((-24)/(-6))/(i/52613) prime?
True
Let x be (-2)/3*(-5 + -1) - 72. Let u be 20190/20*x/3. Is u/(-8) - 3/(-4) a composite number?
False
Let a be -2 - -3 - (8 - 75). Let z be 15472/14 + (-5 - a/(-14)). Suppose -m = 2*j - z - 1118, -m = 5. Is j a composite number?
True
Let y(m) = m**2 + 37*m - 314. Let f be y(42). Let o = f - 1103. Is o prime?
True
Let t be (-1 - (2 + -6))*70/3. Is (0 + -14)*(-1505)/t a composite number?
True
Suppose 0*v = 2*q + 3*v - 12, q = -3*v. Suppose 0 = q*d - 39289 + 6181. Is d a composite number?
True
Let q(j) = -j**3 + 13*j**2 - 13*j + 15. Let a be q(12). Suppose -72 = -a*d - 6*d. Suppose 221 = 3*t + d. Is t a composite number?
False
Is ((-1950)/(-585))/((-4)/(-9402)) prime?
False
Let t be (-30 - -64)*1/2. Suppose -255595 - 49436 = -t*y. Is y prime?
False
Is ((-6)/4)/(549/(-29288418)) a prime number?
False
Suppose -9547639 = -194*w + 491667. Is w a composite number?
False
Suppose 0 = -8*f + 67*f - 765761. Is f composite?
False
Let s(i) = 3918*i**2 + 50*i - 423. Is s(14) prime?
False
Suppose -4*g + 5*a + 140 = 0, 5*a = 5*g + 3*a - 158. Suppose 2*h - 15 = 20*u - 17*u, -5*u = -5*h + g. Is -1 + 2 + u + 51843/11 composite?
True
Let x(m) = 17941*m - 103. Is x(2) composite?
True
Suppose -3*t - 113267 = -2*d, -3*d = -4*t + 9*t - 169872. Is d prime?
True
Let m = 1480215 + -661658. Is m composite?
True
Suppose 0 = 19*l - 22*l + 90. Suppose 5*p = l*p - 29225. Is p composite?
True
Let u(v) = -13*v + 0*v - 13*v**2 + 29*v**2 - 27 - 13*v**2. Let j be 1*-16 - -4 - 5. Is u(j) prime?
True
Let c(b) = 8*b + 313. Let l be c(-38). Is (42424/12)/(-3 - (-33)/l) a prime number?
True
Suppose 3982*h + 45656029 = 4041*h. Is h a composite number?
False
Suppose -y + 0*o - 6 = 3*o, 3 = 2*y + o. Let j be (-3)/y*3/((-12)/15292). Let t = -1386 + j. Is t a composite number?
False
Suppose 42*w - 1443113 = 26*w - 274201. Is w prime?
False
Let u be -1212 - (0/4)/(-6). Let d = u - -2219. Is d a prime number?
False
Suppose -28*o + 27*o + 2 = 0. Suppose 4*x = -3*k - 9, 2*x - 4 = o*k + 2. Is (3/12*-878)/(k/6) composite?
False
Suppose 0 = 4*w - 2*r - 721864, -9*w = -10*w - 2*r + 180451. Is w prime?
True
Let k(s) = 6*s**2 - 20*s - 70. Let b = 72 - 96. Is k(b) prime?
False
Let j be 24/(-15) + 2 - 4/10. Suppose -5*a + 4*a + 2609 = j. Is a a prime number?
True
Let h = 122365 + -48153. Suppose 0 = 2*n + o - 37106, -4*n - 13*o + 12*o = -h. Is n prime?
True
Let d = 2009407 - 321296. Is d a composite number?
True
Let w be (-3)/12*(-2)/(-3)*-18. Suppose w*b + 844 = 4*b. Let i = b + 1549. Is i a composite number?
False
Suppose -32 + 121 = -d. Suppose 0*g + 1764 = 7*g. Let o = d + g. Is o a composite number?
False
Let v = -4095 + 6268. Suppose -t + 3*b = -2168, 2*t = t + 4*b + v. Is t a composite number?
False
Let c(m) = -28*m - 20. Let g be c(-19). Suppose 0*p + g = p. Let n = 958 - p. Is n a prime number?
False
Let p(x) = -3*x**3 + 7*x**2 + 19*x + 10. Suppose -5 - 9 = 2*z. Is p(z) a prime number?
True
Let r(b) = -3*b + 95. Let w be r(30). Let x(z) = 7188*z - 55. Is x(w) composite?
True
Let p = -828 - -872. Suppose -350603 = -p*a + 33*a. Is a prime?
True
Suppose -2*v + 217*r = 214*r - 18473, 5*v + 4*r = 46171. Is v a prime number?
False
Let t be (-47)/(-8) - (-22)/176. Let f(k) = 759*k - 47. Is f(t) a composite number?
False
Suppose -4*u - 8 = k, -3*u + 44 = 4*k - 6*u. Suppose 21890 = k*o + 2*o. Is o composite?
True
Let t = -605894 - -947691. Is t composite?
True
Let t be (-4992)/(-5) - (-6)/(-15). Let b = 2059 - -560. Let n = b - t. Is n prime?
True
Let l = -18 - -23. Suppose -2*w - 1018 = -f, -5*f = l*w + 866 - 5956. Suppose o - f = -3*z + 6*o, z - 336 = o. Is z a prime number?
True
Suppose 9486 = 92*k - 10846. Is k a composite number?
True
Suppose -12*h + 0*h = 4*h. Suppose h = -1169*n + 1177*n - 156232. Is n prime?
False
Let l(s) = -38*s**3 + s**2 + 3*s - 3. Let j(t) = -t**3 - 3*t**2 - t - 5. Suppose -y = 3*g - 0*g + 6, y = -4*g - 9. Let r be j(g). Is l(r) composite?
True
Let j = -38 - -36. Let w be (0 + j)/(2/(-307)). Let a = w - 150. Is a a prime number?
True
Let q(j) = -3 + 4 - 3*j**3 + 4*j**3. Let k be q(4). Let t = k + 6. Is t a composite number?
False
Suppose 7*k - 6*k + 408 = -5*r, -3*r = -5*k - 1900. Let u = 54 - k. Is u composite?
True
Let b be ((-8)/6)/(2/6). Let s(q) = 2*q + 37*q + 5 - 43*q - 2*q**2 - 23*q**3. Is s(b) a composite number?
True
Suppose -8*t + 1135635 = -1313923 + 29838. Is t composite?
True
Suppose -239 = 4*s - 3051. Let d = 4858 + s. Is d a composite number?
True
Let v(x) = 201*x**2 - 96*x + 1094. Is v(11) a composite number?
False
Let l(p) = 6*p**2 - 6*p + 1. Let m be 303/6 - 1/2. Let x = m + -56. Is l(x) prime?
False
Let a(z) = -1985*z + 3. Let f be a(2). Let o = f + 2671. Let p = -419 - o. Is p composite?
False
Let c = -153 + 146. Let i(r) = -1295*r - 42. Is i(c) a prime number?
False
Suppose 16*u = 18*u + 4*o - 81120, -4*u + 162264 = -4*o. Let f = -8397 + u. Is f prime?
False
Let k(i) be the third derivative of i**6/120 + 47*i**5/60 + 13*i**4/4 + 53*i**3/3 - 286*i**2. Is k(-33) a prime number?
False
Is 50/(-25) + (660248/6 - (-1)/(-3)) prime?
True
Suppose -3*p + 219916 = 26239. Is p prime?
False
Let k(q) = 36*q**2 - 106*q + 2367. Is k(41) a prime number?
True
Let k(v) = -v**3 + 9*v**2 + v - 4. Let f be k(9). Let r(m) = 13*m + 7. Let a be r(f). Suppose 6 + a = 2*z. Is z prime?
False
Let k(o) = o**3 - 8*o**2 - 11*o + 28. Let r be k(9). Suppose -r*i + 6082 = 1612. Is i a prime number?
False
Let n = 17063 + -5141. Suppose j + 2*m = 5959, 2*j - m - n = -3*m. Is j composite?
True
Suppose 0 = q - 4*h - 246431, -18*h - 35 = -13*h. Is q a composite number?
False
Let n(x) be the second derivative of -x**4/12 + 4*x**3/3 - 6*x**2 + 24*x. Let a be n(3). Is 235/(-75) + a + (-64761)/(-45) composite?
False
Let j(f) = -11 - 6 + 35 - 143*f. Is j(-7) composite?
False
Suppose 71*j = -143*j + 9318426 + 9528340. Is j prime?
True
Is 463157/4*(-180)/(-45) a prime number?
True
Suppose 24*j - 2 = 23*j. Suppose -7203 = -j*c + 1867. Is c composite?
True
Is (92/(-69))/(92658676/(-18531732) - -5) prime?
True
Suppose 5*w + 3*c + 10264 = 0, -4*c